{"id":699,"date":"2026-03-11T15:13:21","date_gmt":"2026-03-11T19:13:21","guid":{"rendered":"https:\/\/www.saxomaudefortier.com\/?post_type=mec-events&#038;p=699"},"modified":"2026-03-11T15:15:52","modified_gmt":"2026-03-11T19:15:52","slug":"darrell-green-and-the-green-lanterns-le-balcon","status":"publish","type":"mec-events","link":"https:\/\/www.saxomaudefortier.com\/en\/events\/darrell-green-and-the-green-lanterns-le-balcon\/","title":{"rendered":"Darrell Green and the Green Lanterns @ Le Balcon"},"content":{"rendered":"<div class=\"n163Z2\" data-testid=\"ellipsis_text_viewer_text_wrapper\">\n<p class=\"kl5uZW wixui-collapsible-text__text kx_Lb6 EOkCFB XBysXl\">Get ready for a memorable evening in the heart of Montreal with Darrell Green, one of the most innovative and sought-after drummers on the jazz scene today! This virtuoso, whose talent transcends borders, will perform with his talented musicians. Don't miss this opportunity to discover jazz at its most authentic and electrifying!<\/p>\n<\/div>","protected":false},"excerpt":{"rendered":"<p>Pr\u00e9parez-vous \u00e0 passer une soir\u00e9e m\u00e9morable au c\u0153ur de Montr\u00e9al  [&#8230;]<\/p>\n","protected":false},"author":1,"featured_media":0,"comment_status":"closed","ping_status":"closed","template":"","tags":[],"mec_category":[],"class_list":["post-699","mec-events","type-mec-events","status-publish","hentry"],"yoast_head":"<!-- This site is optimized with the Yoast SEO plugin v27.3 - https:\/\/yoast.com\/product\/yoast-seo-wordpress\/ -->\n<title>Darrell Green and the Green Lanterns @ Le Balcon - Saxophoniste Maude Fortier<\/title>\n<meta name=\"robots\" content=\"index, follow, max-snippet:-1, max-image-preview:large, max-video-preview:-1\" \/>\n<link rel=\"canonical\" href=\"https:\/\/www.saxomaudefortier.com\/en\/events\/darrell-green-and-the-green-lanterns-le-balcon\/\" \/>\n<meta property=\"og:locale\" content=\"en_US\" \/>\n<meta property=\"og:type\" content=\"article\" \/>\n<meta property=\"og:title\" content=\"Darrell Green and the Green Lanterns @ Le Balcon - Saxophoniste Maude Fortier\" \/>\n<meta property=\"og:description\" content=\"Pr\u00e9parez-vous \u00e0 passer une soir\u00e9e m\u00e9morable au c\u0153ur de Montr\u00e9al [...]\" \/>\n<meta property=\"og:url\" content=\"https:\/\/www.saxomaudefortier.com\/en\/events\/darrell-green-and-the-green-lanterns-le-balcon\/\" \/>\n<meta property=\"og:site_name\" content=\"Saxophoniste Maude Fortier\" \/>\n<meta property=\"article:publisher\" content=\"https:\/\/www.facebook.com\/MaudeFortierSaxophone\" \/>\n<meta property=\"article:modified_time\" content=\"2026-03-11T19:15:52+00:00\" \/>\n<meta property=\"og:image\" content=\"https:\/\/www.saxomaudefortier.com\/wp-content\/uploads\/2021\/10\/maude-fortier-accueil.jpg\" \/>\n\t<meta property=\"og:image:width\" content=\"1024\" \/>\n\t<meta property=\"og:image:height\" content=\"540\" \/>\n\t<meta property=\"og:image:type\" content=\"image\/jpeg\" \/>\n<meta name=\"twitter:card\" content=\"summary_large_image\" \/>\n<meta name=\"twitter:label1\" content=\"Est. reading time\" \/>\n\t<meta name=\"twitter:data1\" content=\"1 minute\" \/>\n<script type=\"application\/ld+json\" class=\"yoast-schema-graph\">{\"@context\":\"https:\\\/\\\/schema.org\",\"@graph\":[{\"@type\":\"WebPage\",\"@id\":\"https:\\\/\\\/www.saxomaudefortier.com\\\/events\\\/darrell-green-and-the-green-lanterns-le-balcon\\\/\",\"url\":\"https:\\\/\\\/www.saxomaudefortier.com\\\/events\\\/darrell-green-and-the-green-lanterns-le-balcon\\\/\",\"name\":\"Darrell Green and the Green Lanterns @ Le Balcon - Saxophoniste Maude Fortier\",\"isPartOf\":{\"@id\":\"https:\\\/\\\/www.saxomaudefortier.com\\\/#website\"},\"datePublished\":\"2026-03-11T19:13:21+00:00\",\"dateModified\":\"2026-03-11T19:15:52+00:00\",\"breadcrumb\":{\"@id\":\"https:\\\/\\\/www.saxomaudefortier.com\\\/events\\\/darrell-green-and-the-green-lanterns-le-balcon\\\/#breadcrumb\"},\"inLanguage\":\"en-CA\",\"potentialAction\":[{\"@type\":\"ReadAction\",\"target\":[\"https:\\\/\\\/www.saxomaudefortier.com\\\/events\\\/darrell-green-and-the-green-lanterns-le-balcon\\\/\"]}]},{\"@type\":\"BreadcrumbList\",\"@id\":\"https:\\\/\\\/www.saxomaudefortier.com\\\/events\\\/darrell-green-and-the-green-lanterns-le-balcon\\\/#breadcrumb\",\"itemListElement\":[{\"@type\":\"ListItem\",\"position\":1,\"name\":\"Accueil\",\"item\":\"https:\\\/\\\/www.saxomaudefortier.com\\\/\"},{\"@type\":\"ListItem\",\"position\":2,\"name\":\"Events\",\"item\":\"https:\\\/\\\/www.saxomaudefortier.com\\\/en\\\/events\\\/\"},{\"@type\":\"ListItem\",\"position\":3,\"name\":\"Darrell Green and the Green Lanterns @ Le Balcon\"}]},{\"@type\":\"WebSite\",\"@id\":\"https:\\\/\\\/www.saxomaudefortier.com\\\/#website\",\"url\":\"https:\\\/\\\/www.saxomaudefortier.com\\\/\",\"name\":\"Saxophoniste Maude Fortier\",\"description\":\"Saxophoniste en performance Jazz\",\"publisher\":{\"@id\":\"https:\\\/\\\/www.saxomaudefortier.com\\\/#organization\"},\"potentialAction\":[{\"@type\":\"SearchAction\",\"target\":{\"@type\":\"EntryPoint\",\"urlTemplate\":\"https:\\\/\\\/www.saxomaudefortier.com\\\/?s={search_term_string}\"},\"query-input\":{\"@type\":\"PropertyValueSpecification\",\"valueRequired\":true,\"valueName\":\"search_term_string\"}}],\"inLanguage\":\"en-CA\"},{\"@type\":\"Organization\",\"@id\":\"https:\\\/\\\/www.saxomaudefortier.com\\\/#organization\",\"name\":\"Maude Fortier, saxophoniste\",\"url\":\"https:\\\/\\\/www.saxomaudefortier.com\\\/\",\"logo\":{\"@type\":\"ImageObject\",\"inLanguage\":\"en-CA\",\"@id\":\"https:\\\/\\\/www.saxomaudefortier.com\\\/#\\\/schema\\\/logo\\\/image\\\/\",\"url\":\"https:\\\/\\\/www.saxomaudefortier.com\\\/wp-content\\\/uploads\\\/2021\\\/10\\\/maude-fortier-accueil.jpg\",\"contentUrl\":\"https:\\\/\\\/www.saxomaudefortier.com\\\/wp-content\\\/uploads\\\/2021\\\/10\\\/maude-fortier-accueil.jpg\",\"width\":1024,\"height\":540,\"caption\":\"Maude Fortier, saxophoniste\"},\"image\":{\"@id\":\"https:\\\/\\\/www.saxomaudefortier.com\\\/#\\\/schema\\\/logo\\\/image\\\/\"},\"sameAs\":[\"https:\\\/\\\/www.facebook.com\\\/MaudeFortierSaxophone\",\"https:\\\/\\\/www.instagram.com\\\/mezzoforte18\\\/\",\"https:\\\/\\\/www.linkedin.com\\\/in\\\/maude-fortier-671900221\\\/\",\"https:\\\/\\\/www.youtube.com\\\/channel\\\/UCfqcs-OlY4jkbOngzgXO_7A\"]}]}<\/script>\n<!-- \/ Yoast SEO plugin. -->","yoast_head_json":{"title":"Darrell Green and the Green Lanterns @ Le Balcon - Saxophoniste Maude Fortier","robots":{"index":"index","follow":"follow","max-snippet":"max-snippet:-1","max-image-preview":"max-image-preview:large","max-video-preview":"max-video-preview:-1"},"canonical":"https:\/\/www.saxomaudefortier.com\/en\/events\/darrell-green-and-the-green-lanterns-le-balcon\/","og_locale":"en_US","og_type":"article","og_title":"Darrell Green and the Green Lanterns @ Le Balcon - Saxophoniste Maude Fortier","og_description":"Pr\u00e9parez-vous \u00e0 passer une soir\u00e9e m\u00e9morable au c\u0153ur de Montr\u00e9al [...]","og_url":"https:\/\/www.saxomaudefortier.com\/en\/events\/darrell-green-and-the-green-lanterns-le-balcon\/","og_site_name":"Saxophoniste Maude Fortier","article_publisher":"https:\/\/www.facebook.com\/MaudeFortierSaxophone","article_modified_time":"2026-03-11T19:15:52+00:00","og_image":[{"width":1024,"height":540,"url":"https:\/\/www.saxomaudefortier.com\/wp-content\/uploads\/2021\/10\/maude-fortier-accueil.jpg","type":"image\/jpeg"}],"twitter_card":"summary_large_image","twitter_misc":{"Est. reading time":"1 minute"},"schema":{"@context":"https:\/\/schema.org","@graph":[{"@type":"WebPage","@id":"https:\/\/www.saxomaudefortier.com\/events\/darrell-green-and-the-green-lanterns-le-balcon\/","url":"https:\/\/www.saxomaudefortier.com\/events\/darrell-green-and-the-green-lanterns-le-balcon\/","name":"Darrell Green and the Green Lanterns @ Le Balcon - Saxophoniste Maude Fortier","isPartOf":{"@id":"https:\/\/www.saxomaudefortier.com\/#website"},"datePublished":"2026-03-11T19:13:21+00:00","dateModified":"2026-03-11T19:15:52+00:00","breadcrumb":{"@id":"https:\/\/www.saxomaudefortier.com\/events\/darrell-green-and-the-green-lanterns-le-balcon\/#breadcrumb"},"inLanguage":"en-CA","potentialAction":[{"@type":"ReadAction","target":["https:\/\/www.saxomaudefortier.com\/events\/darrell-green-and-the-green-lanterns-le-balcon\/"]}]},{"@type":"BreadcrumbList","@id":"https:\/\/www.saxomaudefortier.com\/events\/darrell-green-and-the-green-lanterns-le-balcon\/#breadcrumb","itemListElement":[{"@type":"ListItem","position":1,"name":"Accueil","item":"https:\/\/www.saxomaudefortier.com\/"},{"@type":"ListItem","position":2,"name":"Events","item":"https:\/\/www.saxomaudefortier.com\/en\/events\/"},{"@type":"ListItem","position":3,"name":"Darrell Green and the Green Lanterns @ Le Balcon"}]},{"@type":"WebSite","@id":"https:\/\/www.saxomaudefortier.com\/#website","url":"https:\/\/www.saxomaudefortier.com\/","name":"Saxophonist Maude Fortier","description":"Performance jazz saxophonist","publisher":{"@id":"https:\/\/www.saxomaudefortier.com\/#organization"},"potentialAction":[{"@type":"SearchAction","target":{"@type":"EntryPoint","urlTemplate":"https:\/\/www.saxomaudefortier.com\/?s={search_term_string}"},"query-input":{"@type":"PropertyValueSpecification","valueRequired":true,"valueName":"search_term_string"}}],"inLanguage":"en-CA"},{"@type":"Organization","@id":"https:\/\/www.saxomaudefortier.com\/#organization","name":"Maude Fortier, saxophonist","url":"https:\/\/www.saxomaudefortier.com\/","logo":{"@type":"ImageObject","inLanguage":"en-CA","@id":"https:\/\/www.saxomaudefortier.com\/#\/schema\/logo\/image\/","url":"https:\/\/www.saxomaudefortier.com\/wp-content\/uploads\/2021\/10\/maude-fortier-accueil.jpg","contentUrl":"https:\/\/www.saxomaudefortier.com\/wp-content\/uploads\/2021\/10\/maude-fortier-accueil.jpg","width":1024,"height":540,"caption":"Maude Fortier, saxophoniste"},"image":{"@id":"https:\/\/www.saxomaudefortier.com\/#\/schema\/logo\/image\/"},"sameAs":["https:\/\/www.facebook.com\/MaudeFortierSaxophone","https:\/\/www.instagram.com\/mezzoforte18\/","https:\/\/www.linkedin.com\/in\/maude-fortier-671900221\/","https:\/\/www.youtube.com\/channel\/UCfqcs-OlY4jkbOngzgXO_7A"]}]}},"_links":{"self":[{"href":"https:\/\/www.saxomaudefortier.com\/en\/wp-json\/wp\/v2\/mec-events\/699","targetHints":{"allow":["GET"]}}],"collection":[{"href":"https:\/\/www.saxomaudefortier.com\/en\/wp-json\/wp\/v2\/mec-events"}],"about":[{"href":"https:\/\/www.saxomaudefortier.com\/en\/wp-json\/wp\/v2\/types\/mec-events"}],"author":[{"embeddable":true,"href":"https:\/\/www.saxomaudefortier.com\/en\/wp-json\/wp\/v2\/users\/1"}],"replies":[{"embeddable":true,"href":"https:\/\/www.saxomaudefortier.com\/en\/wp-json\/wp\/v2\/comments?post=699"}],"wp:attachment":[{"href":"https:\/\/www.saxomaudefortier.com\/en\/wp-json\/wp\/v2\/media?parent=699"}],"wp:term":[{"taxonomy":"post_tag","embeddable":true,"href":"https:\/\/www.saxomaudefortier.com\/en\/wp-json\/wp\/v2\/tags?post=699"},{"taxonomy":"mec_category","embeddable":true,"href":"https:\/\/www.saxomaudefortier.com\/en\/wp-json\/wp\/v2\/mec_category?post=699"}],"curies":[{"name":"wp","href":"https:\/\/api.w.org\/{rel}","templated":true}]}}

<p>Préparez-vous à passer une soirée mémorable au cœur de Montréal  [&#8230;]</p>

<!-- This site is optimized with the Yoast SEO plugin v27.3 - https://yoast.com/product/yoast-seo-wordpress/ -->
<title>Darrell Green and the Green Lanterns @ Le Balcon - Saxophoniste Maude Fortier</title>
<meta name="robots" content="index, follow, max-snippet:-1, max-image-preview:large, max-video-preview:-1" />
<link rel="canonical" href="https://www.saxomaudefortier.com/en/events/darrell-green-and-the-green-lanterns-le-balcon/" />
<meta property="og:locale" content="en_US" />
<meta property="og:type" content="article" />
<meta property="og:title" content="Darrell Green and the Green Lanterns @ Le Balcon - Saxophoniste Maude Fortier" />
<meta property="og:description" content="Préparez-vous à passer une soirée mémorable au cœur de Montréal [...]" />
<meta property="og:url" content="https://www.saxomaudefortier.com/en/events/darrell-green-and-the-green-lanterns-le-balcon/" />
<meta property="og:site_name" content="Saxophoniste Maude Fortier" />
<meta property="article:publisher" content="https://www.facebook.com/MaudeFortierSaxophone" />
<meta property="article:modified_time" content="2026-03-11T19:15:52+00:00" />
<meta property="og:image" content="https://www.saxomaudefortier.com/wp-content/uploads/2021/10/maude-fortier-accueil.jpg" />
	<meta property="og:image:width" content="1024" />
	<meta property="og:image:height" content="540" />
	<meta property="og:image:type" content="image/jpeg" />
<meta name="twitter:card" content="summary_large_image" />
<meta name="twitter:label1" content="Est. reading time" />
	<meta name="twitter:data1" content="1 minute" />
<script type="application/ld+json" class="yoast-schema-graph">{"@context":"https:\/\/schema.org","@graph":[{"@type":"WebPage","@id":"https:\/\/www.saxomaudefortier.com\/events\/darrell-green-and-the-green-lanterns-le-balcon\/","url":"https:\/\/www.saxomaudefortier.com\/events\/darrell-green-and-the-green-lanterns-le-balcon\/","name":"Darrell Green and the Green Lanterns @ Le Balcon - Saxophoniste Maude Fortier","isPartOf":{"@id":"https:\/\/www.saxomaudefortier.com\/#website"},"datePublished":"2026-03-11T19:13:21+00:00","dateModified":"2026-03-11T19:15:52+00:00","breadcrumb":{"@id":"https:\/\/www.saxomaudefortier.com\/events\/darrell-green-and-the-green-lanterns-le-balcon\/#breadcrumb"},"inLanguage":"en-CA","potentialAction":[{"@type":"ReadAction","target":["https:\/\/www.saxomaudefortier.com\/events\/darrell-green-and-the-green-lanterns-le-balcon\/"]}]},{"@type":"BreadcrumbList","@id":"https:\/\/www.saxomaudefortier.com\/events\/darrell-green-and-the-green-lanterns-le-balcon\/#breadcrumb","itemListElement":[{"@type":"ListItem","position":1,"name":"Accueil","item":"https:\/\/www.saxomaudefortier.com\/"},{"@type":"ListItem","position":2,"name":"Events","item":"https:\/\/www.saxomaudefortier.com\/en\/events\/"},{"@type":"ListItem","position":3,"name":"Darrell Green and the Green Lanterns @ Le Balcon"}]},{"@type":"WebSite","@id":"https:\/\/www.saxomaudefortier.com\/#website","url":"https:\/\/www.saxomaudefortier.com\/","name":"Saxophoniste Maude Fortier","description":"Saxophoniste en performance Jazz","publisher":{"@id":"https:\/\/www.saxomaudefortier.com\/#organization"},"potentialAction":[{"@type":"SearchAction","target":{"@type":"EntryPoint","urlTemplate":"https:\/\/www.saxomaudefortier.com\/?s={search_term_string}"},"query-input":{"@type":"PropertyValueSpecification","valueRequired":true,"valueName":"search_term_string"}}],"inLanguage":"en-CA"},{"@type":"Organization","@id":"https:\/\/www.saxomaudefortier.com\/#organization","name":"Maude Fortier, saxophoniste","url":"https:\/\/www.saxomaudefortier.com\/","logo":{"@type":"ImageObject","inLanguage":"en-CA","@id":"https:\/\/www.saxomaudefortier.com\/#\/schema\/logo\/image\/","url":"https:\/\/www.saxomaudefortier.com\/wp-content\/uploads\/2021\/10\/maude-fortier-accueil.jpg","contentUrl":"https:\/\/www.saxomaudefortier.com\/wp-content\/uploads\/2021\/10\/maude-fortier-accueil.jpg","width":1024,"height":540,"caption":"Maude Fortier, saxophoniste"},"image":{"@id":"https:\/\/www.saxomaudefortier.com\/#\/schema\/logo\/image\/"},"sameAs":["https:\/\/www.facebook.com\/MaudeFortierSaxophone","https:\/\/www.instagram.com\/mezzoforte18\/","https:\/\/www.linkedin.com\/in\/maude-fortier-671900221\/","https:\/\/www.youtube.com\/channel\/UCfqcs-OlY4jkbOngzgXO_7A"]}]}</script>
<!-- / Yoast SEO plugin. -->

Préparez-vous à passer une soirée mémorable au cœur de Montréal [...]
